s the greatest common divisor of 14949 and 2214333?
99
What is the highest common divisor of 629661605 and 1535?
1535
Calculate the greatest common factor of 154998 and 7466922.
1422
Calculate the highest common factor of 44362107 and 266191.
9179
What is the greatest common factor of 196794 and 5382?
234
What is the highest common divisor of 571792458 and 186?
186
Calculate the highest common factor of 116 and 980635.
29
What is the highest common divisor of 6024 and 38658016?
2008
Calculate the highest common factor of 5276958 and 3.
3
What is the greatest common factor of 2247 and 172498659?
321
What is the greatest common factor of 9180 and 32225472?
1836
What is the greatest common factor of 104 and 459816604?
52
What is the greatest common divisor of 3113030 and 230?
10
What is the highest common divisor of 1404 and 582864282?
702
What is the greatest common divisor of 2604486 and 44?
2
Calculate the highest common factor of 147 and 5986596.
21
What is the highest common divisor of 112 and 12749422?
14
What is the highest common factor of 9746 and 2774952?
886
Calculate the greatest common factor of 17966023 and 326.
163
What is the highest common factor of 4541371 and 682718?
4321
What is the greatest common divisor of 17595 and 1121319?
207
Calculate the greatest common divisor of 839420 and 3715.
5
What is the highest common divisor of 4443 and 126535159?
1481
What is the highest common divisor of 152900958 and 714?
714
Calculate the highest common factor of 196 and 227550204.
28
What is the highest common divisor of 1681 and 5234?
1
What is the highest common divisor of 1190891 and 227149?
1313
What is the greatest common factor of 4592 and 836822?
14
Calculate the greatest common divisor of 8072 and 1227953.
1009
Calculate the highest common divisor of 13387437 and 6399.
81
What is the greatest common factor of 9095998 and 634?
634
Calculate the highest common factor of 57517800 and 27200.
3400
Calculate the greatest common divisor of 36384 and 23943704.
3032
What is the highest common divisor of 21268719 and 333?
9
Calculate the greatest common divisor of 425622883 and 721.
721
What is the greatest common divisor of 15232612 and 9248?
1156
Calculate the greatest common factor of 8716284 and 48.
12
What is the greatest common divisor of 235963 and 1092?
91
Calculate the greatest common factor of 5220792 and 7080.
1416
Calculate the highest common divisor of 7 and 419100430.
7
What is the greatest common factor of 252 and 7930512?
36
What is the greatest common factor of 81568855 and 530?
265
What is the highest common factor of 24 and 21256662?
6
What is the greatest common factor of 1790 and 5825734?
358
Calculate the greatest common factor of 1637637 and 303.
3
What is the greatest common divisor of 5232 and 2962184?
872
What is the greatest common factor of 5907 and 173939491?
1969
What is the greatest common factor of 20072526 and 17088?
534
What is the highest common factor of 1518861 and 2152167?
5367
What is the greatest common factor of 248052 and 266616?
84
Calculate the greatest common divisor of 311248 and 46352.
16
What is the highest common divisor of 796 and 72505451?
199
What is the greatest common divisor of 192165480 and 1755?
1755
Calculate the greatest common divisor of 1038070 and 65.
5
Calculate the highest common factor of 31296219 and 94.
47
Calculate the greatest common factor of 3317 and 100760295.
107
What is the greatest common divisor of 1205309270 and 190?
190
What is the greatest common factor of 59051 and 127?
1
What is the highest common factor of 15 and 4776645?
15
What is the highest common factor of 124803 and 1458828?
441
Calculate the highest common factor of 1231 and 1856405857.
1231
What is the highest common divisor of 923 and 3220631?
71
Calculate the greatest common factor of 130465 and 4304000.
1345
What is the greatest common divisor of 4384 and 24793712?
2192
What is the greatest common divisor of 112 and 1213374?
2
Calculate the highest common divisor of 212157883 and 21539.
1267
Calculate the highest common factor of 34 and 99788096.
34
Calculate the highest common divisor of 4 and 457321.
1
Calculate the greatest common factor of 64 and 381940.
4
What is the highest common divisor of 408 and 18156102?
102
Calculate the greatest common factor of 1287804 and 600.
12
Calculate the greatest common factor of 1186372 and 521894.
914
Calculate the highest common divisor of 326463543 and 4662.
2331
What is the greatest common divisor of 2289 and 752984099?
763
What is the highest common factor of 2 and 14981968?
2
What is the highest common divisor of 532 and 4160494828?
532
What is the highest common factor of 9259 and 83?
1
Calculate the highest common factor of 279 and 705618063.
279
What is the greatest common factor of 740374473 and 43?
43
Calculate the highest common divisor of 6613 and 160888.
17
What is the highest common divisor of 36 and 13412106?
18
Calculate the highest common divisor of 7045267 and 4705.
941
What is the highest common factor of 288651512 and 976?
488
Calculate the highest common divisor of 65087440 and 440.
440
Calculate the highest common divisor of 6680 and 1514690.
1670
What is the greatest common factor of 5163 and 54829339?
1721
Calculate the highest common factor of 2522 and 140062.
26
What is the greatest common divisor of 24220 and 448858880?
3460
What is the greatest common divisor of 53897150 and 50?
50
What is the greatest common factor of 121 and 4392828044?
121
What is the highest common divisor of 1060779 and 7021929?
3057
Calculate the greatest common factor of 41176175 and 25.
25
What is the greatest common factor of 583470 and 14067?
27
What is the highest common factor of 44061901 and 118859?
2899
Calculate the highest common divisor of 470418348 and 24.
12
What is the greatest common factor of 483 and 5859112?
161
Calculate the highest common divisor of 29 and 231003937.
29
Calculate the greatest common divisor of 479912 and 1319256.
2008
What is the greatest common divisor of 1403550 and 21?
3
Calculate the highest common divisor of 8973788 and 4764.
1588
What is the greatest common factor of 143 and 111066670?
143
Calculate the greatest common divisor of 770 and 22757042.
154
Calculate the highest common factor of 1602216 and 400708.
308
Calculate the greatest common factor of 1748 and 17668.
4
Calculate the highest common divisor of 35094 and 494217104.
11698
Calculate the highest common divisor of 80222909 and 1157.
1157
Calculate the greatest common divisor of 224 and 8254976.
32
What is the highest common factor of 15 and 36923856?
3
Calculate the greatest common divisor of 28201636 and 344.
172
Calculate the greatest common divisor of 811737 and 918897.
2679
Calculate the highest common factor of 4145484 and 2499.
357
Calculate the highest common factor of 650 and 61672.
26
Calculate the highest common factor of 112158 and 513918.
1674
Calculate the highest common divisor of 1941105 and 22650.
2265
What is the greatest common factor of 9977 and 23886752?
907
Calculate the greatest common divisor of 768605 and 1486895.
1735
Calculate the greatest common factor of 312141926 and 194.
194
What is the highest common divisor of 96094090 and 10?
10
What is the greatest common divisor of 179727736 and 2966?
2966
Calculate the highest common factor of 65170 and 24596530.
3430
Calculate the highest common divisor of 1275 and 82127.
17
Calculate the highest common divisor of 2497515 and 81303.
123
What is the greatest common factor of 961449 and 15?
3
What is the greatest common divisor of 3072 and 226992?
48
What is the highest common divisor of 102901 and 75157?
17
Calculate the greatest common divisor of 430 and 60110.
10
Calculate the greatest common divisor of 2725 and 1313325.
25
What is the greatest common divisor of 6 and 4322166?
6
Calculate the highest common divisor of 252845614 and 1745.
349
Calculate the greatest common factor of 2475 and 1245134.
11
What is the greatest common divisor of 12355696 and 13152?
16
What is the highest common divisor of 9212 and 6603688?
1316
What is the highest common divisor of 610348460 and 310?
310
Calculate the highest common factor of 57010894 and 1478.
1478
What is the highest common factor of 28